t r(o) = -o**3 + 5*o**2 - o. Give r(6).
-42
Let m(j) = j**2 + 24*j + 57. What is m(-21)?
-6
Let c(v) = -5*v - 24. Determine c(-5).
1
Let d(z) = z - 45. Calculate d(0).
-45
Let x(y) = -11*y - 1. Give x(1).
-12
Let a(j) = j**3 + 3*j**2 - j + 3. Give a(-3).
6
Let a(r) = 14*r**2 - 2*r + 2. Give a(1).
14
Let c(d) = d**3 - 5*d**2 - 7*d + 6. What is c(6)?
0
Let c(j) = -j - 16. Give c(-17).
1
Let u(o) = 18*o - 53. Give u(3).
1
Let w(t) = -4*t**2 - 7*t + 1. Give w(-3).
-14
Let t(r) = r**2 + 15*r + 45. What is t(-3)?
9
Let d(l) = 10*l - 35. Give d(4).
5
Let z(p) = -16*p - 156. Give z(-9).
-12
Let h(y) = y + 3. Calculate h(9).
12
Let i(l) = -l**2 - 9*l + 4. Give i(-10).
-6
Let j(k) = -7*k + 13. What is j(6)?
-29
Let l(f) = -f**3 - f**2 - f. What is l(-2)?
6
Let c(i) = -i + 19. What is c(-5)?
24
Let c(r) = r**2 - 9*r - 22. Give c(13).
30
Let l(d) = d**3 + 30*d**2 + 81*d + 5. Determine l(-27).
5
Let i(o) = o**2 - o - 2. Determine i(5).
18
Let q(o) = o**2 - o. Determine q(6).
30
Let y(r) = -2*r**2 + 3*r - 6. Give y(0).
-6
Let y(t) = -13*t**3 - t**2 + 7*t + 8. What is y(-1)?
13
Let b(p) = -3*p + 11. Give b(6).
-7
Let x(v) = -7*v**3 + 51*v**2 - 12*v - 3. Calculate x(7).
11
Let o(a) = -2*a**3 + 126*a**2 + a - 74. Determine o(63).
-11
Let b(v) = -9*v + 5. Calculate b(7).
-58
Let w(s) = 4*s - 15. What is w(0)?
-15
Let c(o) = -o**3 + 15*o**2 - 16*o + 29. Calculate c(14).
1
Let u(x) = -x - 1. Determine u(-5).
4
Let w(j) = 3*j**2 + 6. What is w(2)?
18
Let w(n) = n**3 + 5*n**2 - 3*n - 6. Give w(-4).
22
Let l(c) = -c**2 - 2*c + 40. What is l(6)?
-8
Let t(y) = y**2 - 16*y + 56. What is t(7)?
-7
Let y(x) = x**2 + 2*x + 6. Calculate y(-6).
30
Let r(j) = j**3 + 5*j**2 + 3*j + 8. Calculate r(-7).
-111
Let q(z) = -14*z. Calculate q(-1).
14
Let j(c) = -c**2 + 40*c - 38. Give j(39).
1
Let k(m) = -8*m - 134. What is k(-16)?
-6
Let g(y) = -2*y**2 - 19*y + 202. Determine g(-16).
-6
Let c(k) = 2*k - 3. What is c(1)?
-1
Let u(q) = -65*q**3 - q**2 - 2*q - 2. Give u(-1).
64
Let k(f) = -2*f - 10. Calculate k(-7).
4
Let n(l) = -l**3 - 10*l**2 - 21*l - 21. What is n(-6)?
-39
Let g(h) = -h**2 + 19*h - 21. Determine g(18).
-3
Let s(l) = -l + 5. Give s(14).
-9
Let h(t) = 66*t + 433. Calculate h(-7).
-29
Let c(z) = 8*z - 1. Determine c(1).
7
Let i(h) = -2*h + 2. Calculate i(-10).
22
Let w(k) = k**2 - 9*k - 15. Determine w(11).
7
Let a(b) = b**3 - b**2 - 5*b + 5. What is a(3)?
8
Let u(a) = a**2 - 6. Determine u(0).
-6
Let v(u) = u**3 + 7*u**2 + 12*u + 2. Determine v(-5).
-8
Let w(z) = 7*z - 2. Determine w(6).
40
Let l(r) = -2*r**3 - 2*r**2 + 6*r - 4. What is l(2)?
-16
Let i(c) = 82*c + 490. Calculate i(-6).
-2
Let k(h) = 2*h**3 - 29*h**2 - 19*h + 66. Determine k(15).
6
Let g(i) = -i**3 + 7*i**2 - 8*i + 10. Determine g(7).
-46
Let c(y) = -9*y - 30. Give c(0).
-30
Let r(x) = x**2 - x - 1. Determine r(3).
5
Let k(o) = -2*o**2 + o + 7. What is k(3)?
-8
Let c(x) = -8*x - 3. Determine c(0).
-3
Let y(z) = z**3 - 19*z**2 + 32*z + 42. Determine y(17).
8
Let g(l) = -12*l**2 - 6*l - 7. Determine g(-3).
-97
Let x(k) = -k**3 + 9*k**2 - 6*k - 6. Calculate x(8).
10
Let g(l) = -8*l**2 - 21*l + 7. Calculate g(-3).
-2
Let g(f) = -f**3 - 38*f**2 - 70*f + 67. What is g(-36)?
-5
Let m(b) = b**2 - 8*b - 27. Determine m(11).
6
Let g(s) = s**2 - s - 6. Give g(-5).
24
Let l(m) = 58*m + 2. Determine l(-1).
-56
Let f(g) = -8*g**3 - 2*g**2 - 3*g - 2. What is f(-2)?
60
Let a(j) = 4*j + 6. Determine a(-3).
-6
Let c(l) = 57*l. Determine c(1).
57
Let p(l) = 3*l**2 - 2*l - 1. Calculate p(-1).
4
Let a(u) = -88*u + 16. Determine a(-2).
192
Let a(c) = c + 15. What is a(-7)?
8
Let q(g) = -39*g + 229. What is q(6)?
-5
Let b(j) = -j**2 - 8*j - 1. Determine b(-8).
-1
Let g(x) = 4*x + 9. Determine g(3).
21
Let p(n) = -9*n - 1. What is p(4)?
-37
Let m(l) = l**3 + 7*l**2 - 11*l. Determine m(-8).
24
Let i(s) = s**3 + 5*s**2 - s - 7. Determine i(-5).
-2
Let x(m) = 80*m + 154. Calculate x(-2).
-6
Let y(g) = 2*g**2 + 15*g + 19. Determine y(-6).
1
Let k(h) = -6*h - 84. What is k(-14)?
0
Let i(n) = -n**3 - 17*n**2 + 23*n + 96. Determine i(-18).
6
Let c(d) = -4*d**3 + 3*d + 2. Give c(-2).
28
Let w(n) = 5*n**3 - 2*n**2 + 12*n - 12. Give w(1).
3
Let i(d) = -3*d - 35. Determine i(12).
-71
Let k(q) = 2*q**3 + 47*q**2 - 73*q + 59. Determine k(-25).
9
Let v(j) = -25*j**3 + j**2 - 1. Determine v(-1).
25
Let c(d) = d**3 + 69*d**2 - 3*d - 202. What is c(-69)?
5
Let o(k) = k**2 - 7*k - 10. Calculate o(9).
8
Let o(h) = -h**2 - 12*h - 33. What is o(-8)?
-1
Let q(g) = -2*g**2 + 6*g. Determine q(3).
0
Let o(l) = l**3 - 6*l**2 + 6*l - 15. Calculate o(5).
-10
Let n(k) = k**3 + 5*k**2 - 8*k - 7. What is n(-6)?
5
Let g(t) = -2*t**2 - 3*t + 9. Determine g(-7).
-68
Let m(u) = -12*u - 52. Determine m(-5).
8
Let k(v) = v**3 + 24*v**2 + 43*v - 15. Calculate k(-22).
7
Let d(f) = f**2 - 18*f - 4. What is d(19)?
15
Let p(u) = 2*u - 7. Calculate p(-1).
-9
Let u(s) = 9*s - 238. Calculate u(26).
-4
Let b(t) = -4*t**2 + 23*t - 5. What is b(5)?
10
Let o(g) = g**2 + 5*g + 3. What is o(-4)?
-1
Let n(x) = 4*x**2 - 3*x. Determine n(2).
10
Let i(k) = 20*k - 1. Determine i(-3).
-61
Let z(q) = 4*q**2 - q - 2. Give z(-2).
16
Let a(i) = -i**3 - 9*i**2 - 3*i - 19. What is a(-9)?
8
Let w(d) = -2*d**2 + 42*d - 33. Determine w(20).
7
Let i(l) = -14*l + 3. Determine i(-1).
17
Let o(t) = -92*t + 262. What is o(3)?
-14
Let j(h) = -h**2 - 7*h - 13. Give j(-4).
-1
Let y(s) = -s**3 + 24*s**2 - 42*s - 42. Calculate y(22).
2
Let v(n) = 3*n**2 - 12*n + 5. Give v(4).
5
Let k(l) = l - 4. What is k(9)?
5
Let h(v) = -9*v + 259. Calculate h(32).
-29
Let c(n) = -5*n + 9. Determine c(4).
-11
Let p(i) = i**3 + 5*i**2 - 3*i - 5. Calculate p(-5).
10
Let m(r) = -4*r + 36. Determine m(17).
-32
Let f(u) = -u**3 + 3*u**2 + 8*u + 10. Calculate f(5).
0
Let t(k) = 2*k**2 + 33*k + 25. Give t(-12).
-83
Let y(c) = -3*c - 93. Give y(-32).
3
Let a(v) = -13*v + 268. Give a(17).
47
Let k(j) = 2*j + 2. What is k(1)?
4
Let a(z) = z + 49. Calculate a(-14).
35
Let h(j) = 6*j**3 + j**2 + 3*j + 3. What is h(-1)?
-5
Let m(o) = o + 14. Calculate m(-12).
2
Let v(g) = g**3 - 5*g**2 + 4*g - 6. Calculate v(5).
14
Let i(x) = -x**3 - 7*x**2 + 4*x + 15. Determine i(-8).
47
Let t(h) = -2*h**2 - 3*h - 4. Calculate t(3).
-31
Let o(u) = 5*u + 17. Give o(-6).
-13
Let w(z) = z**2 - 8*z + 10. Determine w(8).
10
Let z(o) = -5*o + 33. Give z(6).
3
Let j(x) = -x**3 + 9*x**2 + 45*x - 99. Calculate j(12).
9
Let f(c) = -10*c**2 + 13*c - 11. Give f(1).
-8
Let n(j) = -3*j**2 - 8*j - 5. What is n(-2)?
-1
Let q(x) = x**2 + 3*x + 9. Give q(-4).
13
Let k(n) = n**2 + 15*n + 30. What is k(-12)?
-6
Let y(c) = -4*c - 138. Determine y(-34).
-2
Let x(w) = 10*w - 64. Give x(7).
6
Let a(l) = -l**2 + 25*l - 85. Determine a(5).
15
Let h(y) = -y**3 - 18*y**2 - 16*y + 7. What is h(-17)?
-10
Let r(j) = j**2 + 17*j + 18. Determine r(-18).
36
Let s(c) = 2*c**2 + 10*c + 1. What is s(-5)?
1
Let c(f) = 2*f**2 - 13*f + 5. What is c(6)?
-1
Let g(h) = h**2 + 2*h + 1. Determine g(-3).
4
Let o(q) = -31*q + 14. Determine o(3).
-79
Let z(g) = -41*g**2 - 2*g - 1. What is z(-1)?
-40
Let d(j) = -2*j**3 - 27*j**2 - 9*j + 42. Calculate d(-13).
-10
Let q(w) = 10*w + 1. Determine q(3).
31
Let d(f) = 29*f + 28. Give d(8).
260
Let t(k) = -k**3 - 26*k**2 - 50*k - 47. Calculate t(-24).
1
Let x(s) = -s**3 + 6*s**2 + 9*s - 5. Calculate x(7).
9
Let p(s) = -2*s - 9. What is p(0)?
-9
Let j(b) = -11*b - 2. Give j(-6).
64
Let c(p) = -3*p + 2. What is c(-9)?
29
Let r(w) = w - 11. Calculate r(-9).
-20
Let a(h) = h**3 + 7*h**2 + 9*h + 12. Calculate a(-6).
-6
Let p(i) = i**3 - 8*i**2 + 95*i - 620. Calculate p(7).
-4
Let f(l) = -8*l**2 - 3*l + 1. What is f(-3)?
-62
Let h(z) = 2*z**2 - z - 2. Give h(3).
13
Let x(z) = 6*z - 52. Determine x(12).
20
Let q(z) = 17*z + 61. Give q(-4).
-7
Let p(n) = n**3 - 15*n**2 + 14*n + 4. Determine p(14).
4
Let z(b) = -b**3 - 5*b**2 + 44*b + 94. Give z(-2).
-6
Let z(w) = -w + 17. What is z(19)?
-2
Let k(c) = c**2 + 42*c - 42. Determine k(1).
1
Let g(d) = -d - 2. What is g(-7)?
5
Let q(u) = -2*u + 5. Give q(0).
5
Let q(a) = -9*a - 80. Determine q(-7).
-17
Let o(p) = -p + 8. Give o(13).
-5
Let h(b) = b**2 + 7*b - 174. Calculate h(10).
-4
Let v(f) = f + 11. Calculate v(7).
18
Let s(t) = t**2 + 21*t + 54. Calculate s(-20).
34
Let d(f) = -17*f + 2. Determine d(2).